t n = c - -5. Calculate the greatest common factor of 3 and n.
3
Let q = -16 - -25. Calculate the highest common factor of q and 72.
9
Let y(a) = -a**3 + 6*a**2 + 2*a - 8. Let q be y(6). Let v be (-3 - 0) + (-1)/(-1). Let r be (1/v)/((-2)/40). What is the highest common factor of q and r?
2
Let v(c) = 2*c**3 + 0 + 5*c**2 - c**3 + 6. Let j be v(-5). Let p = 18 - j. Calculate the greatest common factor of 36 and p.
12
Suppose 2 + 26 = -4*c. Let k(n) = -1 + 8*n**2 + n**3 - 2 + 6*n - 1 + 1. Let o be k(c). What is the highest common divisor of o and 28?
4
Suppose 5*s + 185 = 5*l, 0 = -5*l - 2*s - 0*s + 157. Calculate the highest common divisor of l and 33.
33
Let h(i) = -2*i + 6. Let z be h(4). Let w = z + 6. Let o be ((-9)/6 - -2)*4. What is the highest common divisor of o and w?
2
Suppose -3*z - z + 2108 = 0. Suppose 5*n - z = 53. Let l be (-2)/(-5) + n/10. What is the greatest common divisor of 48 and l?
12
Suppose -b = -4, b + 6 = 3*s - 38. What is the greatest common factor of s and 80?
16
Let n(v) = 9*v**2 - 4*v + 8. Let b be n(-4). Calculate the highest common divisor of b and 14.
14
Suppose 4*z - 49 - 19 = 0. Suppose 3*x - 419 = -62. Calculate the highest common factor of z and x.
17
Suppose 23 = 2*c - 29. Let p be (-132)/(-10) - (-1)/(-5). Calculate the greatest common factor of c and p.
13
Let q = -19 - -19. Let j be (-5 - -3) + q - -47. What is the highest common divisor of 18 and j?
9
Let w be 2/(-1) - (-11 + -1). Let u be ((-20)/25)/((-4)/w). Let b be 8/u*(-25)/(-4). Calculate the greatest common factor of 50 and b.
25
Let c be 55*-3*10/(-15). Let b be (c/(-6))/(6/(-18)). What is the highest common factor of 11 and b?
11
Let p(d) = -d**2 - d + 6. Let f = 2 + -2. Let s be p(f). Calculate the highest common factor of s and 60.
6
Let w be (6/(-5))/((-24)/160). Let l = 230 + -142. What is the greatest common divisor of w and l?
8
Let y be 80/4*6/15. Calculate the greatest common factor of 16 and y.
8
Suppose -4*l + 3*c + 19 = 0, -3*l + 9 = 5*c + 2. Let u(w) = -w**3 + 7*w**2 - 7*w + 1. Let x be u(5). What is the highest common divisor of l and x?
4
Suppose -116 = -4*n + 4*z, -2*n + 8*z = 5*z - 61. What is the greatest common divisor of n and 78?
26
Let g = 86 + -51. Calculate the greatest common factor of g and 5.
5
Let a be (3 - 0) + 16/(2 - 0). Calculate the greatest common factor of 88 and a.
11
Suppose -282 = -4*i - j - 25, -i + 5*j + 59 = 0. Calculate the greatest common divisor of i and 8.
8
Suppose -63 = -7*p + 28. Calculate the greatest common divisor of p and 39.
13
Suppose r - 72 = -7*r. What is the greatest common divisor of r and 1?
1
Let t(z) = z**3 + 2*z**2 - 4*z - 1. Let i be t(-5). Let o(s) = s**3 - 2*s - 7. Let d be o(5). Let w = i + d. What is the highest common factor of w and 13?
13
Suppose -5*r = 2*j - 49, 4*r - 6*r + 10 = -4*j. What is the greatest common factor of 45 and r?
9
Let n = -7 + 28. Calculate the greatest common divisor of 21 and n.
21
Suppose q - 4*d - 88 = 0, -q + 7 + 81 = -5*d. Suppose 23*z = 9*z + 308. Calculate the greatest common factor of q and z.
22
Let s(k) = -k**3 + 8*k**2 - 2*k - 10. Let j be s(7). Let r = 43 - 33. What is the greatest common divisor of j and r?
5
Let t = -22 - -49. Calculate the greatest common divisor of t and 3.
3
Let s be (-2)/(-11) + 300/44. Calculate the greatest common divisor of 35 and s.
7
Let t = 26 - -22. Let i = 27 + -15. Calculate the greatest common factor of i and t.
12
Let j(s) = s**3 - 3*s**2 - 2*s - 4. Let t be j(4). Let m = t - -29. Suppose -2*g - 3*g = -15. What is the highest common divisor of m and g?
3
Let d(j) = -2*j**3 - 11*j**2 + 3*j. Let h(b) = 4*b - 1. Let v be h(-2). Let n be d(v). Suppose 2*l + n = 6*l. Calculate the highest common factor of 15 and l.
15
Let n(m) = m**3 - 17*m**2 + 13*m + 53. Let i be n(16). Calculate the greatest common divisor of i and 45.
5
Let w = -6 - -11. Suppose 0*j + 85 = w*j. Suppose 4*b = -5*k + 66, 0 = -b + 2*b + k - j. What is the greatest common divisor of b and 95?
19
Let d be (-77)/22*72/(-14). Calculate the highest common divisor of d and 6.
6
Let i(f) = -f**2 - 6*f + 9. Let t be i(-7). Suppose k + 6 = 4*k. Calculate the greatest common factor of k and t.
2
Let b(w) = w**2 + 8*w + 5. Let y be b(-5). Let q(i) = -i + 2. Let f be q(y). Calculate the greatest common divisor of 6 and f.
6
Let t(v) = -11*v**3 - v**2 + 1. Let i be t(-1). Let m = i - 4. Let s = m - 2. Calculate the greatest common divisor of s and 15.
5
Let z be 8/44 + (-2)/11. Suppose 4 = 5*y + 4*a - z, 4*y + 2*a = 2. Suppose -v + 5 = y, -v - 7 = -5*f + 8. Calculate the highest common factor of f and 36.
4
Let u(m) = -6*m - 14. Let s be u(-7). Calculate the highest common divisor of 224 and s.
28
Let t = 25 - -2. Suppose z - t = 3*p, 2 = z - p - 15. Calculate the greatest common factor of 60 and z.
12
Suppose 0 = 4*z - 7 - 5. Let a be -7 + 12 + 2/(-2). Let g be (-2)/(-1 + -3)*a. What is the highest common divisor of z and g?
1
Let w = 6 + -1. Suppose 2*t - w = -4*y - t, y = 5*t + 7. Suppose 0 = 2*z - p - 194, 0 = y*z + 4*p + 54 - 268. What is the greatest common divisor of z and 11?
11
Let p be (-2)/9 - (-976)/18. What is the greatest common factor of 27 and p?
27
Suppose -5*q + 2*b = -89 - 21, 14 = q - 2*b. What is the greatest common divisor of 120 and q?
24
Suppose 4*s + 5*t - 5 - 19 = 0, 12 = 2*s + 4*t. Let l be (-42)/(-9) - (-2)/6. Let d = l - -4. Calculate the highest common factor of s and d.
3
Let l be (-2)/3*18/(-6). Suppose 3*m = -5*k + l*k + 33, -31 = -k - 5*m. Calculate the highest common divisor of 12 and k.
6
Let s be (-10 - -1)/((-3)/4). Let g(q) = q**2 + 16*q - 17. Let x be g(-13). Let b be (x/s)/(1/(-6)). What is the greatest common factor of 7 and b?
7
Let n(v) = -3 - 1 + 1 + 2*v + 10*v**2. Let q be n(-3). Let d be (-1 - 0)*(-54)/6. Calculate the highest common divisor of q and d.
9
Let h = -14 - -31. Suppose 4*s - 4*a - 12 = 0, -5*a = -5*s - a + 14. Suppose -43 = -s*m + 195. Calculate the highest common divisor of h and m.
17
Let q(l) = 2*l + 18. Let f be q(20). Calculate the highest common divisor of 29 and f.
29
Suppose 6*p = 3*p - 450. Let o = p - -339. Suppose 2*f - 5*w = 37, -2*f - 2*w - 17 = -61. Calculate the greatest common factor of f and o.
21
Suppose 5*q = -3*c + 18, 0*q = 4*q + 3*c - 15. Suppose 0 = -4*p + 9 - 29. Let j be q + p/(5/(-87)). What is the highest common divisor of 10 and j?
10
Suppose 5*g = 3*c + 20, -3*g - 4*c + 12 = c. Suppose n = -g*n + 75. Suppose 4*p + p - n = 0. What is the highest common divisor of 12 and p?
3
Suppose -3*x - 5*o - 225 = -875, 654 = 3*x + 3*o. Calculate the highest common divisor of x and 20.
20
Let v(w) = -w**2 - 4*w + 1. Let n be v(-3). Let z be (11/n)/((-2)/(-8)). Let a be (-1)/5 + 111/5. What is the greatest common factor of a and z?
11
Let d(r) = -r**2 + 4*r + 7. Let k be d(6). Let j be 60*((-7)/k + -1). Suppose -5*n + 24 = -3*n. What is the greatest common divisor of n and j?
12
Let x = -8 + 11. Suppose x*m = -18 + 114. Calculate the greatest common factor of 8 and m.
8
Suppose -5*g = -2*t - 66, 33 = 2*g - 2*t + 9. Calculate the greatest common divisor of 2 and g.
2
Let g(i) = -i**2 - 6*i - 4. Let c(x) = x**3 + 6*x**2 + 5*x - 5. Let y be c(-5). Let r be g(y). Calculate the greatest common factor of r and 1.
1
Let g be 0 - 5/((-5)/3). Suppose g*q - q = 50. Let f be 2/(-8) + 41/4. What is the highest common divisor of q and f?
5
Let w be 0/(-2)*1/2. Suppose w = -4*l + 326 + 38. What is the greatest common factor of 13 and l?
13
Suppose -3*d = 3*j - 6*d - 51, -12 = 3*d. Calculate the highest common factor of 91 and j.
13
Let l(o) = -o**3 + 11*o**2 + 5*o - 6. Let b be l(10). Calculate the greatest common divisor of b and 18.
18
Let j be (-56)/(-6) - (-7)/(-21). Suppose -s = 2*s - j. What is the highest common factor of 2 and s?
1
Let b(o) = o**3 - 13*o**2 - 3*o + 3. Let t be b(13). Let l be ((-48)/t)/(2/15). Calculate the greatest common factor of l and 4.
2
Let w be 0*(1 + (-4)/6). Suppose w = 7*z - 3*z - 4. Let b = 35 + z. Calculate the greatest common factor of 12 and b.
12
Let a be (296/4)/(1/4). Calculate the greatest common factor of a and 37.
37
Suppose 50 = -10*u + 12*u. Calculate the highest common divisor of u and 175.
25
Let p(r) = -47*r + 2. Let f be p(-2). Let z = -6 + 10. 